d by 38?
36
Let y = -3 - 23. Let l = 30 + y. Suppose 421 = -l*u + 1129. Calculate the remainder when u is divided by 30.
27
Let u be 6/42 + (-174)/(-7). Suppose 328 = u*w - 172. What is the remainder when 111 is divided by w?
11
Let s = 2005 + -1991. Calculate the remainder when 69 is divided by s.
13
Let j = 10 + -25. Let o = -11 - j. Calculate the remainder when (4/56*20)/(21/294) is divided by o.
0
Suppose 24*h - 9*h - 4065 = 0. Let i = -230 + h. Calculate the remainder when 242 is divided by i.
37
Suppose 7 = -2*g - 3*a + 31, -g + 2*a = -12. Suppose 2*c + 35 = 3*c. What is the remainder when c is divided by g?
11
Let c(s) = 3*s**2 - 4*s + 2. Let i = -124 + 194. Suppose 2*f - 314 = -9*q + 4*q, 0 = -q + 2*f + i. What is the remainder when q is divided by c(3)?
13
Let b = 6304 - 6300. What is the remainder when 292 is divided by b?
0
Let g be (2 - 15/6)*4. Let o(y) = y + 1. Let b be o(g). Calculate the remainder when 39 is divided by (-3)/(-2 - b) + (12 - -6).
18
Let n(u) = 2*u**2 + 149*u + 493. Calculate the remainder when 194 is divided by n(-3).
2
Let y be (-3472)/(-42)*(-12)/(-16). Suppose 328 = 10*h - y. Calculate the remainder when 233 is divided by h.
38
Calculate the remainder when 875 is divided by (9/4)/((2340/(-4880))/(-39)).
143
Let v(b) = 11*b - 13. Let u(r) = -2*r**2 + 21*r - 74. Let a be u(9). Let g = -14 - a. Calculate the remainder when v(10) is divided by g.
31
Let q(r) = -r**2 - 9*r + 1. Suppose 4*k - 19 = u, 38*u - 36*u = -2*k + 2. Calculate the remainder when q(-7) is divided by k.
3
Let x = 12311 - 12278. What is the remainder when x is divided by 41/2 + (-4)/(-8)?
12
Suppose 3*h + 9 = 0, 0 = -2*m - 4*h + 487 - 25. What is the remainder when 543 is divided by m?
69
Suppose g = 3*u + 7, -4*u - 35 = -3*g - 2*g. Suppose -58 = -g*r + 2056. Calculate the remainder when r is divided by 76.
74
Let g(o) = 9*o - 5. Let j(w) = -151*w - 3960. What is the remainder when j(-27) is divided by g(4)?
24
Let w(a) = 2*a**2 + 14*a + 5. What is the remainder when 5 - (-7 - 50/1) is divided by w(-9)?
21
Let u = 23 + -14. Let m(y) = -6*y**2 - 43*y + 209. Calculate the remainder when m(-4) is divided by u.
6
Suppose -51*b - 4*q = -48*b - 1063, -3*q + 1071 = 3*b. Calculate the remainder when b is divided by 2 + -5 - (-78 - -1).
69
Let m = -264 - -284. Calculate the remainder when 621 is divided by m/(-40) + 29/2 + 2.
13
Let s(p) = -p**3 - 5*p**2 + 1. Suppose 58*f = 47*f - 122*f + 798. Calculate the remainder when f is divided by s(-5).
0
What is the remainder when -474 - -911 - (-17)/(-1) is divided by 196?
28
Suppose 177*y + 167*y + 3820 = 348*y. What is the remainder when y is divided by 227?
47
Let o be 184/(4 + -3) + -5. Suppose 3*f + 20 - o = 0. Calculate the remainder when f is divided by 8.
5
Suppose 6*u + 120 - 324 = 0. Let s(w) = w**2 - 28*w - 152. Calculate the remainder when s(u) is divided by 14.
10
Let o be (12/(-3) - -5) + 5 + 17. What is the remainder when 65 is divided by (59/5 - 2) + o/115?
5
Let p be ((-90)/150)/(12/(-10) - -1). Suppose 5*a + 250 = z, -18*z + 22*z - p*a = 1000. What is the remainder when z is divided by 21?
19
Let q = 28 + -28. Suppose 5*g - 91 + 444 = -4*d, -d - g - 88 = q. Let k = -35 - d. What is the remainder when k is divided by 27?
25
Let f be (-3330)/(-105) + (-4)/(-14). Calculate the remainder when 11 is divided by 12/28 - f/(-7).
1
Suppose 3*x + 17 - 57 = -t, -3*x = -2*t + 26. What is the remainder when 4024 is divided by t?
20
Suppose 2*l = -5*r + 15, -5*l + 0*r + 3*r + 22 = 0. Let s = 28 - l. What is the remainder when s is divided by 21?
2
Let p be (14 + -11)*(2 - -1). Suppose 16*j + p*j = 200. What is the remainder when 30 is divided by j?
6
Suppose 0 = 4*x - u + 75, 93 = -7*x + 2*x + 2*u. Let d = -3 - x. Let s = -12 + d. Calculate the remainder when 20 is divided by s.
0
Let r = 6671 - 6027. Calculate the remainder when r is divided by 119.
49
Let t = -197 - -199. Suppose -a - 2 = 0, -t*f - f + 211 = -5*a. Calculate the remainder when f is divided by 24.
19
Let s(w) = w**3 + 15*w**2 + 16*w - 35. Let b(p) = -12*p + 270. What is the remainder when s(-12) is divided by b(19)?
37
Suppose 4*q = -0*q - w + 123, 0 = 2*w + 2. Let a = 349370 + -349333. Calculate the remainder when a is divided by q.
6
Suppose -1465 = -5*q - 4*i, 23*i - 18*i = q - 293. What is the remainder when q is divided by 139?
15
Let o(d) = 15*d**2 + 10*d + 15. Let g(q) = -3*q**2 - 16*q - 9. Let v be g(-5). What is the remainder when o(v) is divided by 20?
15
Let g(k) = 2 + 10 + 3*k + 2. Let v be g(-3). Suppose -42 = -2*y + v*a, 5*y + 4*a = 6*a + 84. Calculate the remainder when 62 is divided by y.
14
Suppose -5730 = -5*a - 5*d, 2*a = -2*a - 3*d + 4581. What is the remainder when a is divided by 26?
25
Suppose 345 - 33 = 4*q. Suppose 2*l = l + q. Suppose 3*g + 5*s - l = 0, g + 5*s = -0*g + 26. Calculate the remainder when 49 is divided by g.
23
Let f(h) = 10*h - 68. Let r be f(7). Suppose -6*d + 255 = -d. Suppose -r*b + d = -1. Calculate the remainder when b is divided by 9.
8
What is the remainder when 144 is divided by 2/(((-54)/3420)/((-9)/15))?
68
Let z = 7560 - 7219. What is the remainder when z is divided by 68?
1
Suppose -3*h + 6*h - 48 = 0. Suppose 10*u + 85 = 615. What is the remainder when u is divided by h?
5
Let x(s) be the second derivative of 3*s**3 - 26*s**2 + 19*s. What is the remainder when x(8) is divided by 6?
2
Suppose a + 4*a - 10 = -5*q, -4*q + 5*a + 35 = 0. Suppose -q = -i - 2. Let l = 43 + -34. Calculate the remainder when l is divided by i.
0
Suppose -4*c + 292 = -3*n, 2*n + 6 = -2. Let l = -3381 - -3327. Let h = l + c. What is the remainder when h is divided by 9?
7
Suppose 5*o = 3*s - 1685, -5*s + 2840 = 20*o - 22*o. What is the remainder when s is divided by 142?
2
Let x be (2 - 1)/(6/7 - 1). Let q be -2 + (-93)/x - 10/35. Suppose -r = -0*r - q. What is the remainder when 64 is divided by r?
9
Let w(j) = -12*j**2 - 504*j + 8. What is the remainder when w(-39) is divided by 73?
25
Calculate the remainder when ((-2)/((-4)/(-5)))/(5*15/(-62550)) is divided by 10.
5
Suppose 5*j = -20, 31*j + 131 = 5*i + 27*j. Calculate the remainder when 85 is divided by i.
16
Suppose -23 + 43 = -k + 98. Calculate the remainder when 1542 is divided by k.
60
Suppose 0 = -7*u + 94 + 137. Suppose -4*c + 15 + 145 = 0. Let x = c - u. What is the remainder when x is divided by 3?
1
Suppose -3*v = -b + 73, -v + 0*v - 1 = 0. Let j = 95 - b. Let h = 134 - 61. What is the remainder when h is divided by j?
23
Let g = 30457 + -30436. Calculate the remainder when (-723)/(-6)*(0 + 4) is divided by g.
20
Let v = -560759 - -560787. Suppose 4*n - a + 7 = 0, 2*n - a + 1 + 2 = 0. What is the remainder when n/4*(-217 + -1) is divided by v?
25
Let l = 760 + -129. Suppose -l + 659 = 2*m. What is the remainder when 390 is divided by m?
12
Suppose -50*a = -21457 - 4843. What is the remainder when 1589 is divided by a?
11
Let m(k) = -2*k**3 + 99*k**2 - 35*k - 270. Calculate the remainder when m(49) is divided by 213.
203
Suppose 3*b = 25*a - 18*a + 129, 0 = -3*b + a + 93. Suppose -2*w - 4 = -4*g, -2*g = -7*g + 15. Calculate the remainder when b is divided by w.
1
Let x(c) = -c**2 - 9*c - 10. Suppose -32 = -2*t - 42. Calculate the remainder when 149 is divided by x(t).
9
Suppose -18*b = -805 + 13495. What is the remainder when (-56)/(-35)*b/(-12) is divided by 5?
4
Suppose 2*n - 4*f = 148, -4*n + 3*f - 2*f + 268 = 0. Let v = 77 - n. Calculate the remainder when 86 is divided by v.
9
Let u(p) = 5*p**2 - 663*p - 645. Calculate the remainder when u(134) is divided by 18.
5
Let g(i) = -3*i**3 - i**2 + 8*i + 4. Let k(r) = -8*r + 29. Let w be k(4). Suppose 5*l - 409 - 616 = 0. Calculate the remainder when l is divided by g(w).
49
Let b(c) = -c**3 + 15*c**2 - 38*c + 23. Let s be b(12). Calculate the remainder when 51 is divided by (16 - 21)*-1*(5 + s).
11
Let i(h) = -27*h + 1392. What is the remainder when i(47) is divided by 57?
9
Let w = -4792 + 5402. Calculate the remainder when w is divided by 89.
76
Calculate the remainder when 74 is divided by (-22)/(0 - 1)*14/28.
8
Let f be (-408)/(-18) + -5 + (-5)/3. Let r(v) = v**3 - 16*v**2 + 2*v + 26. What is the remainder when 103 is divided by r(f)?
45
Let z(m) = -28*m - 14. Let f be z(3). Let r = 119 + f. W